e
Is 204513751 a prime number?
False
Is 30189933559 composite?
True
Is 6699113693 a composite number?
True
Is 952759861 prime?
True
Is 1561642283 composite?
False
Is 35323151 a prime number?
False
Is 154148057 prime?
False
Is 1236258167 prime?
True
Is 3837391709 composite?
True
Is 598594199 a composite number?
True
Is 70058369 a prime number?
True
Is 2955558467 prime?
True
Is 16992589981 composite?
False
Is 9960119321 a prime number?
True
Is 5964477445 prime?
False
Is 4126592389 prime?
True
Is 8015364879 prime?
False
Is 1004000707 composite?
False
Is 4491880489 prime?
True
Is 2961258347 a composite number?
True
Is 67293901 composite?
True
Is 8184337321 composite?
False
Is 207984481 a prime number?
False
Is 392401346 a prime number?
False
Is 623215631 prime?
False
Is 1511801131 composite?
True
Is 19471030877 prime?
True
Is 177773591 a prime number?
True
Is 66718885031 a composite number?
False
Is 714265891891 a composite number?
False
Is 283928236927 prime?
True
Is 2539181 prime?
True
Is 93865103099 prime?
True
Is 674870611 composite?
False
Is 135594499439 composite?
True
Is 5351357441 a composite number?
False
Is 28027329745 prime?
False
Is 6478558147 prime?
True
Is 8231432071 a composite number?
False
Is 9935967941 prime?
True
Is 26586807073 a prime number?
False
Is 3808094783 a prime number?
True
Is 60187734545 prime?
False
Is 3376361941 prime?
True
Is 97739607907 prime?
True
Is 25366349813 prime?
False
Is 2186773343 prime?
False
Is 21307147 composite?
True
Is 1005309887 prime?
True
Is 1240890811 a prime number?
True
Is 1537510411 a prime number?
False
Is 835526609 composite?
True
Is 4031381407 a prime number?
True
Is 2060115839 a composite number?
False
Is 4804865467 a composite number?
True
Is 37885751511 prime?
False
Is 2078139893 composite?
False
Is 447345079 composite?
True
Is 532902119 composite?
False
Is 48582799013 composite?
True
Is 4607180839 composite?
True
Is 908348381 composite?
True
Is 147644017 composite?
True
Is 7246544111 composite?
False
Is 5294735855 prime?
False
Is 256120004303 composite?
True
Is 185638576261 composite?
False
Is 3017096531 composite?
True
Is 63541943098 composite?
True
Is 11767031687 prime?
True
Is 6731899709 prime?
False
Is 174766132318 prime?
False
Is 39904439671 a prime number?
True
Is 2397218639 composite?
False
Is 5245894631 a composite number?
False
Is 859467211 prime?
True
Is 45425230427 a prime number?
True
Is 31516682999 composite?
False
Is 55539104183 a prime number?
True
Is 709288907 a prime number?
False
Is 1102876321 composite?
True
Is 20362818821 a prime number?
True
Is 395036377 prime?
True
Is 2331012793 composite?
True
Is 886280909 a composite number?
False
Is 1420260599 a prime number?
False
Is 27053998381 prime?
True
Is 1744924733 a prime number?
True
Is 430753111 a composite number?
False
Is 594712511219 composite?
False
Is 520726061 composite?
True
Is 13933944149 composite?
False
Is 1761904981 a composite number?
True
Is 958107989 a composite number?
False
Is 962751353 a composite number?
True
Is 14554908593 prime?
True
Is 5006130281 prime?
True
Is 6088204303 composite?
True
Is 263648593 composite?
True
Is 75787739233 composite?
False
Is 307120945687 a composite number?
False
Is 2981672657 a composite number?
False
Is 10449886511 composite?
False
Is 82094891 prime?
True
Is 11086454597 prime?
False
Is 2886910363 composite?
False
Is 397527497 prime?
False
Is 9696833563 a prime number?
True
Is 1893699413 a composite number?
True
Is 1740316439 prime?
True
Is 1307166557 a composite number?
True
Is 549764563 prime?
False
Is 3584289011 composite?
False
Is 23193265379 prime?
False
Is 8472839653 composite?
False
Is 1830089059 a composite number?
False
Is 178902744367 prime?
True
Is 8706218537 prime?
True
Is 4816062365 prime?
False
Is 4444597771 prime?
False
Is 1616908597 a composite number?
True
Is 3777515123 a composite number?
False
Is 2376933419 composite?
True
Is 201121379 composite?
True
Is 25163867317 a prime number?
True
Is 42977130661 a composite number?
False
Is 3699063757 composite?
True
Is 973191679 composite?
False
Is 5699657893 prime?
True
Is 5705508101 a prime number?
True
Is 1565090279 a prime number?
True
Is 14726819 a composite number?
False
Is 24765555949 a prime number?
True
Is 106128262433 prime?
False
Is 1999890731 prime?
True
Is 127590843229 composite?
True
Is 17775586867 composite?
False
Is 1679093699 a composite number?
False
Is 108573691 prime?
True
Is 34538377 composite?
True
Is 22020195599 a composite number?
False
Is 525170769 prime?
False
Is 27020952383 prime?
False
Is 5585011009 a prime number?
True
Is 19029695683 composite?
False
Is 8489594051 a composite number?
False
Is 419946587 a prime number?
False
Is 273067419 composite?
True
Is 119314483345 a prime number?
False
Is 25017622249 prime?
False
Is 19295669 a composite number?
False
Is 2143166021 a composite number?
True
Is 714943529 a composite number?
False
Is 2470688383 prime?
True
Is 8698322723 a composite number?
False
Is 3091792763 composite?
True
Is 23930162411 composite?
True
Is 843238059 a prime number?
False
Is 6821017943 a prime number?
False
Is 74348561081 a prime number?
True
Is 1129439417 a composite number?
True
Is 3323586109 a prime number?
True
Is 20379605089 prime?
True
Is 9553594861 prime?
True
Is 2102583841 a composite number?
False
Is 1436037253 a prime number?
False
Is 156691579987 a composite number?
True
Is 17430442303 composite?
True
Is 7592053223 composite?
True
Is 5700796041 a composite number?
True
Is 3824690417 prime?
True
Is 31388974201 prime?
False
Is 578411006 composite?
True
Is 3426593 a prime number?
False
Is 109144367 composite?
False
Is 5262447601 composite?
False
Is 7047618931 a prime number?
True
Is 863177459 composite?
True
Is 45774181 a composite number?
False
Is 9394510843 composite?
False
Is 2445590029 prime?
False
Is 188025820315 prime?
False
Is 44872811897 a prime number?
True
Is 18337368811 composite?
False
Is 3444870053 prime?
False
Is 445671385 prime?
False
Is 384190711 a prime number?
True
Is 19403952497 a composite number?
False
Is 248767091 a composite number?
False
Is 9425957367 prime?
False
Is 123552111583 prime?
False
Is 6657050053 composite?
False
Is 1166558611 a prime number?
False
Is 64576737781 a prime number?
False
Is 37294434523 a composite number?
False
Is 4440580769 a composite number?
True
Is 133597964861 prime?
True
Is 516954589 a prime number?
True
Is 4104876577 a prime number?
False
Is 994857401 a prime number?
True
Is 7145356739 a composite number?
False
Is 13079848963 prime?
False
Is 70610831591 composite?
True
Is 21981731878 composite?
True
Is 13075402013 prime?
False
Is 21050348851 prime?
False
Is 112387417 composite?
True
Is 2281948297 composite?
False
Is 382245109 a prime number?
True
Is 1894381943 a prime number?
True
Is 342250819631 a prime number?
False
Is 8130694319 a composite number?
True
Is 40232796601 a composite number?
False
Is 2433101129 composite?
False
Is 4807267669 composite?
True
Is 361467721 a composite number?
True
Is 1175594881 prime?
True
Is 15705527371 a composite number?
True
Is 24090649463 a composite number?
True
Is 16623214243 composite?
False
Is 45469535869 prime?
False
Is 101016030029 composite?
True
Is 341238389 a prime number?
False
Is 15644826059 prime?
True
Is 4365807103 prime?
False
Is 101811229591 prime?
False
Is 901108067 a composite number?
True
Is 17750907929 composite?
True
Is 3440293013 a prime number?
True
Is 4138686463 prime?
True
Is 170516195737 composite?
False
Is 235697687 composite?
False
Is 928279691 prime?
True
Is 6120803503 composite?
False
Is 1284275413 composite?
False
Is 18213172859 prime?
False
Is 4998612209 a composite number?
False
Is 417405205765 prime?
False
Is 2879449099 a prime number?
True
Is 599515349 prime?
True
Is 55482887857 composite?
False
Is 44306662703 a prime number?
True
Is 700473197 a prime number?
True
Is 477411793 a prime number?
True
Is 16862685461 composite?
True
Is 4253436793 a composite number?
True
Is 14922434161 composite?
False
Is 822782689 a composite number?
False
Is 8754065623 composite?
False
Is 153425846851 composite?
True
Is 1733938343 a prime number?
False
Is 2692580213 a prime number?
False
Is 644406317 composite?
False
Is 1385693818 a composite number?
T